{"id":7,"date":"2014-10-23T11:50:55","date_gmt":"2014-10-23T11:50:55","guid":{"rendered":"http:\/\/algalia.com\/virada\/terceira\/?page_id=7"},"modified":"2018-06-14T06:55:26","modified_gmt":"2018-06-14T06:55:26","slug":"presentacion","status":"publish","type":"page","link":"https:\/\/algalia.com\/virada\/terceira\/presentacion\/","title":{"rendered":"Presentaci\u00f3n"},"content":{"rendered":"<p><\/p>\n<h2>Que pretendemos?<\/h2>\n<p>O Programa\u00a0VIRADA vai dirixido a Equipos de direcci\u00f3n de Entidades de econom\u00eda social, co prop\u00f3sito de que estes desenvolvan as s\u00faas competencias de liderado, xesti\u00f3n e dinamizaci\u00f3n de equipos, necesarias para enfrontar retos e superar dificultades.<\/p>\n<p>As Entidades de econom\u00eda social\u00a0est\u00e1n a responder ao desaf\u00edo de ser axentes de cambio e transformaci\u00f3n no seu \u00e1mbito de influencia, e a nosa experiencia \u00e9 que esta contribuci\u00f3n social incrementa a s\u00faa efectividade cando o Equipo de direcci\u00f3n afronta e lidera a resposta aos retos dos tempos e se converte en inspiraci\u00f3n para o resto de persoas e equipos da Entidade.<\/p>\n<p>O impulso do Equipo de direcci\u00f3n resulta clave para que unha Entidade de econom\u00eda social acade o cumprimento da s\u00faa misi\u00f3n, a instituci\u00f3n desenvolva un proxecto atractivo, viable e sostible, e mellore a satisfacci\u00f3n de todas as partes implicadas.<\/p>\n<p><strong>Pretendemos acompa\u00f1ar a Equipos de direcci\u00f3n para contribu\u00edr a facer m\u00e1is efectivas\u00a0as Entidades de econom\u00eda social.<\/strong><\/p>\n<h2>Que traxectoria ten o Programa?<\/h2>\n<p>A intenci\u00f3n de Algalia \u00e9 trasladar e adaptar \u00a0\u00e1s caracter\u00edsticas propias da nosa comunidade a exitosa experiencia en Euskadi, contando coa participaci\u00f3n de docentes e facilitadores da Fundaci\u00f3n EDE.<\/p>\n<p>O Programa VIRADA\u00a0desenvolveu a s\u00faa primeira edici\u00f3n en Galicia entre novembro de 2015 e abril de 2016.<\/p>\n<h2>Cal \u00e9 o enfoque de traballo?<\/h2>\n<p>O Programa incorpora enfoques e ferramentas que prove\u00f1en do <strong>Desenvolvemento Organizacional<\/strong> e do <strong>Coaching de equipos<\/strong>, coas que se \u00a0pretende:<\/p>\n<ul>\n<li>Facilitar procesos nos que as persoas e equipos modifiquen as s\u00faas acci\u00f3ns para lograr resultados m\u00e1is efectivos, procesos que favorezan o cambio na <em>forma de observar a realidade <\/em>para abrirse a m\u00e1is e novas posibilidades, antes inimaxinadas ou non contempladas.<\/li>\n<li>Desenvolver competencias conversacionais e emocionais que contrib\u00faan a desenvolver relaci\u00f3ns entre os membros do equipo m\u00e1is <em>afectivas<\/em> e <em>efectivas<\/em>.<\/li>\n<li>Repensar as formas de coordinaci\u00f3n de acci\u00f3ns de cara a lograr equipos de maior <em>calidade<\/em> e <em>calidez<\/em>.<\/li>\n<li>Promover a <em>integridade das persoas e equipos<\/em> coa misi\u00f3n, visi\u00f3n e valores da Entidade.<\/li>\n<\/ul>\n<h2>Cal \u00e9 o desenvolvemento xeral?<\/h2>\n<p>As 5 Entidades de econon\u00eda social\u00a0participantes compartir\u00e1n espazos de <strong>formaci\u00f3n presencial en formato Obradoiro<\/strong> cos facilitadores de Fundaci\u00f3n EDE,\u00a0e <strong>sesi\u00f3ns de Coaching de equipos<\/strong> a cargo dos coachs de Algalia.<br \/>\nOs participantes contar\u00e1n con ferramentas en li\u00f1a para o traballo colaborativo.<br \/>\nA carga de traballo durante o Programa ser\u00e1 a seguinte:<\/p>\n<ul>\n<li>Antes\u00a0de Nadal de 2018:\n<ul>\n<li>Primeiro Obradoiro: xoves 25-10-2018.<\/li>\n<li>Primeira sesi\u00f3n de Coaching de equipos.<\/li>\n<li>Segundo Obradoiro: xoves 22-11-2018.<\/li>\n<\/ul>\n<\/li>\n<li>Despois de Nadal de 2018:\n<ul>\n<li>Segunda e terceira sesi\u00f3n de Coaching de equipos.<\/li>\n<li>Terceiro Obradoiro: xoves 24-01-2018.<\/li>\n<li>Cuarta sesi\u00f3n de Coaching de equipos.<\/li>\n<li>Cuarto Obradoiro: xoves 21-02-2018.<\/li>\n<\/ul>\n<\/li>\n<\/ul>\n<p><\/p>","protected":false},"excerpt":{"rendered":"<p>Que pretendemos? O Programa\u00a0VIRADA vai dirixido a Equipos de direcci\u00f3n de Entidades de econom\u00eda social, co prop\u00f3sito de que estes desenvolvan as s\u00faas competencias de liderado, xesti\u00f3n e dinamizaci\u00f3n de equipos, necesarias para enfrontar retos e superar dificultades. As Entidades de econom\u00eda social\u00a0est\u00e1n a responder ao desaf\u00edo de ser axentes de cambio e transformaci\u00f3n no [&hellip;]<\/p>\n","protected":false},"author":1,"featured_media":0,"parent":0,"menu_order":0,"comment_status":"closed","ping_status":"open","template":"","meta":[],"_links":{"self":[{"href":"https:\/\/algalia.com\/virada\/terceira\/wp-json\/wp\/v2\/pages\/7"}],"collection":[{"href":"https:\/\/algalia.com\/virada\/terceira\/wp-json\/wp\/v2\/pages"}],"about":[{"href":"https:\/\/algalia.com\/virada\/terceira\/wp-json\/wp\/v2\/types\/page"}],"author":[{"embeddable":true,"href":"https:\/\/algalia.com\/virada\/terceira\/wp-json\/wp\/v2\/users\/1"}],"replies":[{"embeddable":true,"href":"https:\/\/algalia.com\/virada\/terceira\/wp-json\/wp\/v2\/comments?post=7"}],"version-history":[{"count":24,"href":"https:\/\/algalia.com\/virada\/terceira\/wp-json\/wp\/v2\/pages\/7\/revisions"}],"predecessor-version":[{"id":237,"href":"https:\/\/algalia.com\/virada\/terceira\/wp-json\/wp\/v2\/pages\/7\/revisions\/237"}],"wp:attachment":[{"href":"https:\/\/algalia.com\/virada\/terceira\/wp-json\/wp\/v2\/media?parent=7"}],"curies":[{"name":"wp","href":"https:\/\/api.w.org\/{rel}","templated":true}]}}

Presentación

<p></p>
<h2>Que pretendemos?</h2>
<p>O Programa VIRADA vai dirixido a Equipos de dirección de Entidades de economía social, co propósito de que estes desenvolvan as súas competencias de liderado, xestión e dinamización de equipos, necesarias para enfrontar retos e superar dificultades.</p>
<p>As Entidades de economía social están a responder ao desafío de ser axentes de cambio e transformación no seu ámbito de influencia, e a nosa experiencia é que esta contribución social incrementa a súa efectividade cando o Equipo de dirección afronta e lidera a resposta aos retos dos tempos e se converte en inspiración para o resto de persoas e equipos da Entidade.</p>
<p>O impulso do Equipo de dirección resulta clave para que unha Entidade de economía social acade o cumprimento da súa misión, a institución desenvolva un proxecto atractivo, viable e sostible, e mellore a satisfacción de todas as partes implicadas.</p>
<p><strong>Pretendemos acompañar a Equipos de dirección para contribuír a facer máis efectivas as Entidades de economía social.</strong></p>
<h2>Que traxectoria ten o Programa?</h2>
<p>A intención de Algalia é trasladar e adaptar  ás características propias da nosa comunidade a exitosa experiencia en Euskadi, contando coa participación de docentes e facilitadores da Fundación EDE.</p>
<p>O Programa VIRADA desenvolveu a súa primeira edición en Galicia entre novembro de 2015 e abril de 2016.</p>
<h2>Cal é o enfoque de traballo?</h2>
<p>O Programa incorpora enfoques e ferramentas que proveñen do <strong>Desenvolvemento Organizacional</strong> e do <strong>Coaching de equipos</strong>, coas que se  pretende:</p>
<ul>
<li>Facilitar procesos nos que as persoas e equipos modifiquen as súas accións para lograr resultados máis efectivos, procesos que favorezan o cambio na <em>forma de observar a realidade </em>para abrirse a máis e novas posibilidades, antes inimaxinadas ou non contempladas.</li>
<li>Desenvolver competencias conversacionais e emocionais que contribúan a desenvolver relacións entre os membros do equipo máis <em>afectivas</em> e <em>efectivas</em>.</li>
<li>Repensar as formas de coordinación de accións de cara a lograr equipos de maior <em>calidade</em> e <em>calidez</em>.</li>
<li>Promover a <em>integridade das persoas e equipos</em> coa misión, visión e valores da Entidade.</li>
</ul>
<h2>Cal é o desenvolvemento xeral?</h2>
<p>As 5 Entidades de econonía social participantes compartirán espazos de <strong>formación presencial en formato Obradoiro</strong> cos facilitadores de Fundación EDE, e <strong>sesións de Coaching de equipos</strong> a cargo dos coachs de Algalia.<br />
Os participantes contarán con ferramentas en liña para o traballo colaborativo.<br />
A carga de traballo durante o Programa será a seguinte:</p>
<ul>
<li>Antes de Nadal de 2018:
<ul>
<li>Primeiro Obradoiro: xoves 25-10-2018.</li>
<li>Primeira sesión de Coaching de equipos.</li>
<li>Segundo Obradoiro: xoves 22-11-2018.</li>
</ul>
</li>
<li>Despois de Nadal de 2018:
<ul>
<li>Segunda e terceira sesión de Coaching de equipos.</li>
<li>Terceiro Obradoiro: xoves 24-01-2018.</li>
<li>Cuarta sesión de Coaching de equipos.</li>
<li>Cuarto Obradoiro: xoves 21-02-2018.</li>
</ul>
</li>
</ul>
<p></p>

<p>Que pretendemos? O Programa VIRADA vai dirixido a Equipos de dirección de Entidades de economía social, co propósito de que estes desenvolvan as súas competencias de liderado, xestión e dinamización de equipos, necesarias para enfrontar retos e superar dificultades. As Entidades de economía social están a responder ao desafío de ser axentes de cambio e transformación no [&hellip;]</p>
