{"id":17,"date":"2014-10-23T11:52:55","date_gmt":"2014-10-23T11:52:55","guid":{"rendered":"http:\/\/algalia.com\/virada\/terceira\/?page_id=17"},"modified":"2016-04-29T08:55:55","modified_gmt":"2016-04-29T08:55:55","slug":"facilitadores","status":"publish","type":"page","link":"https:\/\/algalia.com\/virada\/terceira\/facilitadores\/","title":{"rendered":"Facilitadores"},"content":{"rendered":"<p><\/p>\n<h2>Fundaci\u00f3n EDE<\/h2>\n<p><a href=\"http:\/\/www.fundacionede.org\" target=\"_blank\">www.fundacionede.org<\/a><\/p>\n<p><strong>Ander Mimenza<\/strong><\/p>\n<p>\u00c9 responsable de Bidera (liderado e emprendizaxe social) e consultor da \u00e1rea de consultor\u00eda da Fundaci\u00f3n EDE acompa\u00f1ando procesos de fortalecemento e desenvolvemento organizacional.<\/p>\n<p>Compaxina este labor de coordinaci\u00f3n e consultor\u00eda, coa de coaching e facilitaci\u00f3n de cursos: planificaci\u00f3n estrat\u00e9xica, comunicaci\u00f3n e mercadotecnia, liderado, competencias conversacionais, perspectiva sist\u00e9mica, etc.<\/p>\n<p>\u00c9 experto en mercadotecnia e xesti\u00f3n de entidades sociais, as\u00ed como coach ontol\u00f3xico, sist\u00e9mico e PNL.<\/p>\n<p><strong>Itziar Garay<\/strong><\/p>\n<p>Desenvolve o seu labor no servizo de calidade dentro da \u00e1rea de consultor\u00eda da Fundaci\u00f3n EDE acompa\u00f1ando procesos de fortalecemento organizacional.<\/p>\n<p>Compaxina este labor de consultor\u00eda coa de coaching e facilitaci\u00f3n de cursos: sistemas de xesti\u00f3n de calidade, xesti\u00f3n de persoas, liderado, competencias conversacionais, perspectiva sist\u00e9mica, etc.<\/p>\n<p>Formouse como coach ontol\u00f3xico, sist\u00e9mico e PNL con especialistas destas disciplinas.<\/p>\n<h2>Algalia<\/h2>\n<p><a href=\"http:\/\/www.algalia.com\" target=\"_blank\">www.algalia.com<\/a><\/p>\n<p><strong>Miguel Barbosa<\/strong><\/p>\n<p>\u00c9 socio consultor de persoas e procesos, e coach de equipos de Algalia.<\/p>\n<p>Diplomado en Ciencias empresariais (especialidade de Recursos humanos), e diplomado en Relaci\u00f3ns Laborais (Universidade de Vigo), Posgrao en coaching de equipos (Mondra\u00f3n Unibertsitatea), M\u00e1ster en Calidade (INGAFOR), Master en Xesti\u00f3n Ambiental (INGAFOR) E M\u00e1ster en Prevenci\u00f3n de Riscos laborais (especialidades de eronom\u00eda e psicosociolog\u00eda aplicada, hixiene industrial e seguridade no traballo, INGAFOR)<\/p>\n<p>Desde o ano 2000 foi formador en diferentes M\u00e1ster e Cursos superiores de Calidade, prevenci\u00f3n de riscos laborais, recursos humanos e medioambiente,<\/p>\n<p>En 2005 inicia a s\u00faa traxectoria como consultor de desenvolvemento organizativo en Algalia, onde na actualidade \u00e9 consultor \u00a0s\u00e9nior e responsable da \u00e1rea de consultor\u00eda.<\/p>\n<p><strong>David Pereiro <\/strong><\/p>\n<p>\u00c9 socio consultor de estratexia\u00a0e coach persoal e de equipos en Algalia.<\/p>\n<p>Facilitou numerosos procesos de planificaci\u00f3n estrat\u00e9xica con entidades non lucrativas e responsabilizouse da elaboraci\u00f3n e avaliaci\u00f3n de proxectos para administraci\u00f3ns p\u00fablicas auton\u00f3micas e estatais.<\/p>\n<p>\u00c9 educador social, licenciado en Filosof\u00eda (USC), M\u00e1ster en consultor\u00eda e xesti\u00f3n de procesos de desenvolvemento organizacional (Universidad de Valladolid), M\u00e1ster en coaching de persoas e equipos (Mondrag\u00f3n Unibertsitatea) e\u00a0Posgrao en coaching de equipos (Mondra\u00f3n Unibertsitatea).<\/p>","protected":false},"excerpt":{"rendered":"<p>Fundaci\u00f3n EDE www.fundacionede.org Ander Mimenza \u00c9 responsable de Bidera (liderado e emprendizaxe social) e consultor da \u00e1rea de consultor\u00eda da Fundaci\u00f3n EDE acompa\u00f1ando procesos de fortalecemento e desenvolvemento organizacional. Compaxina este labor de coordinaci\u00f3n e consultor\u00eda, coa de coaching e facilitaci\u00f3n de cursos: planificaci\u00f3n estrat\u00e9xica, comunicaci\u00f3n e mercadotecnia, liderado, competencias conversacionais, perspectiva sist\u00e9mica, etc. \u00c9 [&hellip;]<\/p>\n","protected":false},"author":1,"featured_media":0,"parent":0,"menu_order":0,"comment_status":"closed","ping_status":"open","template":"","meta":[],"_links":{"self":[{"href":"https:\/\/algalia.com\/virada\/terceira\/wp-json\/wp\/v2\/pages\/17"}],"collection":[{"href":"https:\/\/algalia.com\/virada\/terceira\/wp-json\/wp\/v2\/pages"}],"about":[{"href":"https:\/\/algalia.com\/virada\/terceira\/wp-json\/wp\/v2\/types\/page"}],"author":[{"embeddable":true,"href":"https:\/\/algalia.com\/virada\/terceira\/wp-json\/wp\/v2\/users\/1"}],"replies":[{"embeddable":true,"href":"https:\/\/algalia.com\/virada\/terceira\/wp-json\/wp\/v2\/comments?post=17"}],"version-history":[{"count":12,"href":"https:\/\/algalia.com\/virada\/terceira\/wp-json\/wp\/v2\/pages\/17\/revisions"}],"predecessor-version":[{"id":156,"href":"https:\/\/algalia.com\/virada\/terceira\/wp-json\/wp\/v2\/pages\/17\/revisions\/156"}],"wp:attachment":[{"href":"https:\/\/algalia.com\/virada\/terceira\/wp-json\/wp\/v2\/media?parent=17"}],"curies":[{"name":"wp","href":"https:\/\/api.w.org\/{rel}","templated":true}]}}