{"id":54,"date":"2014-10-23T16:32:22","date_gmt":"2014-10-23T16:32:22","guid":{"rendered":"http:\/\/algalia.com\/virada\/liderado\/?page_id=54"},"modified":"2019-10-24T10:29:32","modified_gmt":"2019-10-24T08:29:32","slug":"programa-virada","status":"publish","type":"page","link":"https:\/\/algalia.com\/virada\/liderado\/","title":{"rendered":"LIDERADO"},"content":{"rendered":"<p><\/p>\n<h4><strong>Programa para o desenvolvemento\u00a0do liderado en persoas con responsabilidades de direcci\u00f3n ou coordinaci\u00f3n en organizaci\u00f3ns<\/strong><\/h4>\n<blockquote><p><em>Unha das manobras m\u00e1is importantes na n\u00e1utica a vela \u00e9 a virada, que consiste en cambiar de rumbo. A virada ten varias formas de realizarse, xestionando as velas e a a tripulaci\u00f3n para aproveitar os ventos<\/em><\/p><\/blockquote>\n<h3>IV Edici\u00f3n. Febreiro a Xu\u00f1o de 2020<\/h3>\n<p><strong>Organiza:<\/strong><\/p>\n<ul>\n<li><a href=\"http:\/\/www.algalia.com\/\" target=\"_blank\" rel=\"noopener noreferrer\">Algalia<\/a><\/li>\n<\/ul>\n<p><strong>Colabora:<\/strong><\/p>\n<ul>\n<li><a href=\"http:\/\/fundacionede.org\/\" target=\"_blank\" rel=\"noopener noreferrer\">Fundaci\u00f3n EDE<\/a><\/li>\n<\/ul>\n<p><\/p>","protected":false},"excerpt":{"rendered":"<p>Programa para o desenvolvemento\u00a0do liderado en persoas con responsabilidades de direcci\u00f3n ou coordinaci\u00f3n en organizaci\u00f3ns Unha das manobras m\u00e1is importantes na n\u00e1utica a vela \u00e9 a virada, que consiste en cambiar de rumbo. A virada ten varias formas de realizarse, xestionando as velas e a a tripulaci\u00f3n para aproveitar os ventos IV Edici\u00f3n. Febreiro a [&hellip;]<\/p>\n","protected":false},"author":1,"featured_media":0,"parent":0,"menu_order":0,"comment_status":"closed","ping_status":"open","template":"","meta":[],"_links":{"self":[{"href":"https:\/\/algalia.com\/virada\/liderado\/wp-json\/wp\/v2\/pages\/54"}],"collection":[{"href":"https:\/\/algalia.com\/virada\/liderado\/wp-json\/wp\/v2\/pages"}],"about":[{"href":"https:\/\/algalia.com\/virada\/liderado\/wp-json\/wp\/v2\/types\/page"}],"author":[{"embeddable":true,"href":"https:\/\/algalia.com\/virada\/liderado\/wp-json\/wp\/v2\/users\/1"}],"replies":[{"embeddable":true,"href":"https:\/\/algalia.com\/virada\/liderado\/wp-json\/wp\/v2\/comments?post=54"}],"version-history":[{"count":37,"href":"https:\/\/algalia.com\/virada\/liderado\/wp-json\/wp\/v2\/pages\/54\/revisions"}],"predecessor-version":[{"id":486,"href":"https:\/\/algalia.com\/virada\/liderado\/wp-json\/wp\/v2\/pages\/54\/revisions\/486"}],"wp:attachment":[{"href":"https:\/\/algalia.com\/virada\/liderado\/wp-json\/wp\/v2\/media?parent=54"}],"curies":[{"name":"wp","href":"https:\/\/api.w.org\/{rel}","templated":true}]}}