{"id":17,"date":"2014-10-23T11:52:55","date_gmt":"2014-10-23T11:52:55","guid":{"rendered":"http:\/\/algalia.com\/virada\/liderado\/?page_id=17"},"modified":"2019-10-24T08:42:46","modified_gmt":"2019-10-24T06:42:46","slug":"facilitadores","status":"publish","type":"page","link":"https:\/\/algalia.com\/virada\/liderado\/facilitadores\/","title":{"rendered":"Facilitadores"},"content":{"rendered":"<p>O Equipo de facilitadores encargarase de dar apoios en cada unha das actividades do Programa:<\/p>\n<ul>\n<li>Encontros presenciais outdoor.<\/li>\n<li>Talleres de contido sobre liderado.<\/li>\n<li>Coaching persoal.<\/li>\n<li>Proxecto de mellora organizacional.<\/li>\n<\/ul>\n<h2>Fundaci\u00f3n EDE<\/h2>\n<p><strong><a href=\"http:\/\/www.fundacionede.org\" target=\"_blank\" rel=\"noopener noreferrer\">www.fundacionede.org<\/a><\/strong><\/p>\n<p><strong>Ander Mimenza<\/strong><\/p>\n<p>\u00c9 responsable de BIDERA (Liderado e emprendizaxe social) e consultor da \u00e1rea de consultor\u00eda da Fundaci\u00f3n EDE acompa\u00f1ando procesos de fortalecemento e desenvolvemento organizacional.<\/p>\n<p>Compaxina este labor de coordinaci\u00f3n e consultor\u00eda coa facilitaci\u00f3n de cursos: planificaci\u00f3n estrat\u00e9xica, comunicaci\u00f3n e mercadotecnia, liderado, competencias conversacionais, perspectiva sist\u00e9mica, etc.<\/p>\n<p>\u00c9 coach de persoas e equipos, formado en diferentes escolas internacionais: Ontol\u00f3xico, Sist\u00e9mico, PNL, Corporal&#8230;<\/p>\n<p>A s\u00faa \u00e1rea de co\u00f1ecemento \u00e9 multidisciplinar: Mercadotecnia, Administraci\u00f3n de empresas, Xesti\u00f3n de entidades sociais, Psicolox\u00eda, Filosof\u00eda&#8230;<\/p>\n<p>&nbsp;<\/p>\n<h2>Algalia<\/h2>\n<p><strong><a href=\"http:\/\/www.algalia.com\" target=\"_blank\" rel=\"noopener noreferrer\">www.algalia.com<\/a><\/strong><\/p>\n<p><strong>Celso G\u00e1ndara<\/strong><\/p>\n<p>\u00c9 xerente de Algalia e coach.<\/p>\n<p>Xerente de Algalia (2014-2009), Presidente de Espazo Coop, Uni\u00f3n de cooperativas de Galicia (dende 2016), responsable de consultor\u00eda en Algalia sendo consultor en estratexia e proxectos sociais (2009-2000), asesor econ\u00f3mico de entidades non lucrativas en Algalia (2000-1997), responsable da \u00c1rea de Formaci\u00f3n e Emprego en C\u00e1ritas Diocesana Tui Vigo (1998-1999), responsable do Centro de Desarrollo Humano e Empresarial Don Bosco en Tegucigalpa, Honduras (1996-1997) e docente en diversos planos de formaci\u00f3n e postgraos de direcci\u00f3n de entidades sociais.<\/p>\n<p>Licenciado en Ciencias Econ\u00f3micas e Empresariais (USC), Master en coaching de persoas e equipos (Mondrag\u00f3n Unibertsitatea), Programa Superior en Direcci\u00f3n y Gesti\u00f3n de Cooperativas (Escola Negocios A Fundaci\u00f3n), Postgrao en Direcci\u00f3n e Administraci\u00f3n de organizaci\u00f3ns non lucrativas (UdeVigo) e Postgrao en Inserci\u00f3n Laboral de Persoas con Discapacidade (Fundaci\u00f3n Paideia).<\/p>\n<p><strong>Bego\u00f1a Su\u00e1rez<\/strong><\/p>\n<p>\u00c9 xerente de AMIPA e coach.<\/p>\n<p>Xerente da Asociaci\u00f3n AMIPA desde 2009 e formadora en diversos cursos relacionados co \u00e1mbito xur\u00eddico e social, na administraci\u00f3n local e entidades non lucrativas.<\/p>\n<p>Licenciada en Dereito (USC), Master en Direcci\u00f3n e Xesti\u00f3n de Centros, Recursos e Servizos para a Atenci\u00f3n \u00e1 Dependencia (USC) e Master en coaching de persoas e equipos (Mondrag\u00f3n Unibertsitatea).<\/p>\n<p><strong>David Pereiro, responsable de VIRADA Liderado<\/strong><\/p>\n<p>\u00c9 socio consultor de estratexia e coach persoal e de equipos en Algalia.<\/p>\n<p>Facilitou numerosos procesos de planificaci\u00f3n estrat\u00e9xica con entidades non lucrativas e responsabilizouse da elaboraci\u00f3n e avaliaci\u00f3n de proxectos para administraci\u00f3ns p\u00fablicas auton\u00f3micas e estatais.<\/p>\n<p>\u00c9 educador social, licenciado en Filosof\u00eda (USC), M\u00e1ster en consultor\u00eda e xesti\u00f3n de procesos de desenvolvemento organizacional (Universidad de Valladolid), M\u00e1ster en coaching de persoas e equipos (Mondrag\u00f3n Unibertsitatea) e Posgrao en coaching de equipos (Mondrag\u00f3n Unibertsitatea).<\/p>","protected":false},"excerpt":{"rendered":"<p>O Equipo de facilitadores encargarase de dar apoios en cada unha das actividades do Programa: Encontros presenciais outdoor. Talleres de contido sobre liderado. Coaching persoal. Proxecto de mellora organizacional. Fundaci\u00f3n EDE www.fundacionede.org Ander Mimenza \u00c9 responsable de BIDERA (Liderado e emprendizaxe social) e consultor da \u00e1rea de consultor\u00eda da Fundaci\u00f3n EDE acompa\u00f1ando procesos de fortalecemento [&hellip;]<\/p>\n","protected":false},"author":1,"featured_media":0,"parent":0,"menu_order":0,"comment_status":"closed","ping_status":"open","template":"","meta":[],"_links":{"self":[{"href":"https:\/\/algalia.com\/virada\/liderado\/wp-json\/wp\/v2\/pages\/17"}],"collection":[{"href":"https:\/\/algalia.com\/virada\/liderado\/wp-json\/wp\/v2\/pages"}],"about":[{"href":"https:\/\/algalia.com\/virada\/liderado\/wp-json\/wp\/v2\/types\/page"}],"author":[{"embeddable":true,"href":"https:\/\/algalia.com\/virada\/liderado\/wp-json\/wp\/v2\/users\/1"}],"replies":[{"embeddable":true,"href":"https:\/\/algalia.com\/virada\/liderado\/wp-json\/wp\/v2\/comments?post=17"}],"version-history":[{"count":27,"href":"https:\/\/algalia.com\/virada\/liderado\/wp-json\/wp\/v2\/pages\/17\/revisions"}],"predecessor-version":[{"id":471,"href":"https:\/\/algalia.com\/virada\/liderado\/wp-json\/wp\/v2\/pages\/17\/revisions\/471"}],"wp:attachment":[{"href":"https:\/\/algalia.com\/virada\/liderado\/wp-json\/wp\/v2\/media?parent=17"}],"curies":[{"name":"wp","href":"https:\/\/api.w.org\/{rel}","templated":true}]}}

<p>O Equipo de facilitadores encargarase de dar apoios en cada unha das actividades do Programa:</p>
<ul>
<li>Encontros presenciais outdoor.</li>
<li>Talleres de contido sobre liderado.</li>
<li>Coaching persoal.</li>
<li>Proxecto de mellora organizacional.</li>
</ul>
<h2>Fundación EDE</h2>
<p><strong><a href="http://www.fundacionede.org" target="_blank" rel="noopener noreferrer">www.fundacionede.org</a></strong></p>
<p><strong>Ander Mimenza</strong></p>
<p>É responsable de BIDERA (Liderado e emprendizaxe social) e consultor da área de consultoría da Fundación EDE acompañando procesos de fortalecemento e desenvolvemento organizacional.</p>
<p>Compaxina este labor de coordinación e consultoría coa facilitación de cursos: planificación estratéxica, comunicación e mercadotecnia, liderado, competencias conversacionais, perspectiva sistémica, etc.</p>
<p>É coach de persoas e equipos, formado en diferentes escolas internacionais: Ontolóxico, Sistémico, PNL, Corporal&#8230;</p>
<p>A súa área de coñecemento é multidisciplinar: Mercadotecnia, Administración de empresas, Xestión de entidades sociais, Psicoloxía, Filosofía&#8230;</p>
<p>&nbsp;</p>
<h2>Algalia</h2>
<p><strong><a href="http://www.algalia.com" target="_blank" rel="noopener noreferrer">www.algalia.com</a></strong></p>
<p><strong>Celso Gándara</strong></p>
<p>É xerente de Algalia e coach.</p>
<p>Xerente de Algalia (2014-2009), Presidente de Espazo Coop, Unión de cooperativas de Galicia (dende 2016), responsable de consultoría en Algalia sendo consultor en estratexia e proxectos sociais (2009-2000), asesor económico de entidades non lucrativas en Algalia (2000-1997), responsable da Área de Formación e Emprego en Cáritas Diocesana Tui Vigo (1998-1999), responsable do Centro de Desarrollo Humano e Empresarial Don Bosco en Tegucigalpa, Honduras (1996-1997) e docente en diversos planos de formación e postgraos de dirección de entidades sociais.</p>
<p>Licenciado en Ciencias Económicas e Empresariais (USC), Master en coaching de persoas e equipos (Mondragón Unibertsitatea), Programa Superior en Dirección y Gestión de Cooperativas (Escola Negocios A Fundación), Postgrao en Dirección e Administración de organizacións non lucrativas (UdeVigo) e Postgrao en Inserción Laboral de Persoas con Discapacidade (Fundación Paideia).</p>
<p><strong>Begoña Suárez</strong></p>
<p>É xerente de AMIPA e coach.</p>
<p>Xerente da Asociación AMIPA desde 2009 e formadora en diversos cursos relacionados co ámbito xurídico e social, na administración local e entidades non lucrativas.</p>
<p>Licenciada en Dereito (USC), Master en Dirección e Xestión de Centros, Recursos e Servizos para a Atención á Dependencia (USC) e Master en coaching de persoas e equipos (Mondragón Unibertsitatea).</p>
<p><strong>David Pereiro, responsable de VIRADA Liderado</strong></p>
<p>É socio consultor de estratexia e coach persoal e de equipos en Algalia.</p>
<p>Facilitou numerosos procesos de planificación estratéxica con entidades non lucrativas e responsabilizouse da elaboración e avaliación de proxectos para administracións públicas autonómicas e estatais.</p>
<p>É educador social, licenciado en Filosofía (USC), Máster en consultoría e xestión de procesos de desenvolvemento organizacional (Universidad de Valladolid), Máster en coaching de persoas e equipos (Mondragón Unibertsitatea) e Posgrao en coaching de equipos (Mondragón Unibertsitatea).</p>

<p>O Equipo de facilitadores encargarase de dar apoios en cada unha das actividades do Programa: Encontros presenciais outdoor. Talleres de contido sobre liderado. Coaching persoal. Proxecto de mellora organizacional. Fundación EDE www.fundacionede.org Ander Mimenza É responsable de BIDERA (Liderado e emprendizaxe social) e consultor da área de consultoría da Fundación EDE acompañando procesos de fortalecemento [&hellip;]</p>
