{"id":13,"date":"2014-10-23T11:52:16","date_gmt":"2014-10-23T11:52:16","guid":{"rendered":"http:\/\/algalia.com\/virada\/liderado\/?page_id=13"},"modified":"2019-10-24T08:19:11","modified_gmt":"2019-10-24T06:19:11","slug":"metodologia","status":"publish","type":"page","link":"https:\/\/algalia.com\/virada\/liderado\/metodologia\/","title":{"rendered":"Metodolox\u00eda"},"content":{"rendered":"<p>O Programa est\u00e1 dese\u00f1ado para que a persoa participante sexa protagonista da s\u00faa propia aprendizaxe, a\u00ednda que ser\u00e1 de gran axuda a aprendizaxe en grupo e o apoio do equipo facilitador.<\/p>\n<p>Para lograr as competencias de liderado levar\u00e1 a cabo un itinerario con espazos e actividades individuais e grupais. Todas elas est\u00e1n dese\u00f1adas para lograr unha aprendizaxe efectiva e aplicable.<\/p>\n<p>VIRADA LIDERADO incl\u00fae:<\/p>\n<ul>\n<li>A aprendizaxe a trav\u00e9s do proceso vivencial nos <strong>Encontros presenciais outdoor<\/strong>. Son espazos que pretenden propiciar un espazo vivencial pr\u00f3ximo e de confianza, onde se traballen aspectos relacionados co plan de mellora persoal e ao f\u00edo do itinerario da formaci\u00f3n nos Obradoiros de contidos sobre liderado.<\/li>\n<li><strong>Obradoiros de contidos sobre liderado<\/strong>. Neste espazo de aprendizaxe ofreceranse enfoques e ferramentas pr\u00e1cticas sobre liderado. Realizarase unha mirada profunda e vivencial dos elementos que interve\u00f1en na nosa forma de pensar, comunicarnos e actuar, a nivel persoal e grupal.<\/li>\n<li>Plan de mellora de competencias persoais en liderado: <strong>Coaching persoal<\/strong>. Cada participante ser\u00e1 guiado por un coach de maneira personalizada, co fin de indagar e reflexionar sobre a s\u00faa visi\u00f3n e pr\u00e1ctica como l\u00edder. Tr\u00e1tase dun proceso persoal con gran repercusi\u00f3n na forma de pensar, sentir e actuar.<\/li>\n<li><strong>Proxecto de mellora organizacional<\/strong>. Cada participante dese\u00f1ar\u00e1 e levar\u00e1 a cabo un proxecto de mellora organizativa aplicado a s\u00faa organizaci\u00f3n, estreitamente relacionado co plan de liderado persoal e o desenvolvemento das habilidades traballadas durante a primeira parte do programa. Este proceso ser\u00e1 guiado por un titor en titor\u00edas grupais.<\/li>\n<\/ul>\n<p>A participaci\u00f3n no programa leva <strong>100 horas de dedicaci\u00f3n<\/strong>: 75 horas presenciais e aproximadamente 25 horas de traballo persoal.<\/p>\n<p>O programa est\u00e1 dese\u00f1ado para compaxinalo co labor profesional, axudar a resolver situaci\u00f3ns do d\u00eda a d\u00eda e compartir inquietudes con persoas af\u00edns. Supor\u00e1, en certo xeito, un \u201c<em>respiro<\/em>\u201d na devandita labor.<\/p>","protected":false},"excerpt":{"rendered":"<p>O Programa est\u00e1 dese\u00f1ado para que a persoa participante sexa protagonista da s\u00faa propia aprendizaxe, a\u00ednda que ser\u00e1 de gran axuda a aprendizaxe en grupo e o apoio do equipo facilitador. Para lograr as competencias de liderado levar\u00e1 a cabo un itinerario con espazos e actividades individuais e grupais. Todas elas est\u00e1n dese\u00f1adas para lograr [&hellip;]<\/p>\n","protected":false},"author":1,"featured_media":0,"parent":0,"menu_order":0,"comment_status":"closed","ping_status":"open","template":"","meta":[],"_links":{"self":[{"href":"https:\/\/algalia.com\/virada\/liderado\/wp-json\/wp\/v2\/pages\/13"}],"collection":[{"href":"https:\/\/algalia.com\/virada\/liderado\/wp-json\/wp\/v2\/pages"}],"about":[{"href":"https:\/\/algalia.com\/virada\/liderado\/wp-json\/wp\/v2\/types\/page"}],"author":[{"embeddable":true,"href":"https:\/\/algalia.com\/virada\/liderado\/wp-json\/wp\/v2\/users\/1"}],"replies":[{"embeddable":true,"href":"https:\/\/algalia.com\/virada\/liderado\/wp-json\/wp\/v2\/comments?post=13"}],"version-history":[{"count":15,"href":"https:\/\/algalia.com\/virada\/liderado\/wp-json\/wp\/v2\/pages\/13\/revisions"}],"predecessor-version":[{"id":462,"href":"https:\/\/algalia.com\/virada\/liderado\/wp-json\/wp\/v2\/pages\/13\/revisions\/462"}],"wp:attachment":[{"href":"https:\/\/algalia.com\/virada\/liderado\/wp-json\/wp\/v2\/media?parent=13"}],"curies":[{"name":"wp","href":"https:\/\/api.w.org\/{rel}","templated":true}]}}

Metodoloxía

<p>O Programa está deseñado para que a persoa participante sexa protagonista da súa propia aprendizaxe, aínda que será de gran axuda a aprendizaxe en grupo e o apoio do equipo facilitador.</p>
<p>Para lograr as competencias de liderado levará a cabo un itinerario con espazos e actividades individuais e grupais. Todas elas están deseñadas para lograr unha aprendizaxe efectiva e aplicable.</p>
<p>VIRADA LIDERADO inclúe:</p>
<ul>
<li>A aprendizaxe a través do proceso vivencial nos <strong>Encontros presenciais outdoor</strong>. Son espazos que pretenden propiciar un espazo vivencial próximo e de confianza, onde se traballen aspectos relacionados co plan de mellora persoal e ao fío do itinerario da formación nos Obradoiros de contidos sobre liderado.</li>
<li><strong>Obradoiros de contidos sobre liderado</strong>. Neste espazo de aprendizaxe ofreceranse enfoques e ferramentas prácticas sobre liderado. Realizarase unha mirada profunda e vivencial dos elementos que interveñen na nosa forma de pensar, comunicarnos e actuar, a nivel persoal e grupal.</li>
<li>Plan de mellora de competencias persoais en liderado: <strong>Coaching persoal</strong>. Cada participante será guiado por un coach de maneira personalizada, co fin de indagar e reflexionar sobre a súa visión e práctica como líder. Trátase dun proceso persoal con gran repercusión na forma de pensar, sentir e actuar.</li>
<li><strong>Proxecto de mellora organizacional</strong>. Cada participante deseñará e levará a cabo un proxecto de mellora organizativa aplicado a súa organización, estreitamente relacionado co plan de liderado persoal e o desenvolvemento das habilidades traballadas durante a primeira parte do programa. Este proceso será guiado por un titor en titorías grupais.</li>
</ul>
<p>A participación no programa leva <strong>100 horas de dedicación</strong>: 75 horas presenciais e aproximadamente 25 horas de traballo persoal.</p>
<p>O programa está deseñado para compaxinalo co labor profesional, axudar a resolver situacións do día a día e compartir inquietudes con persoas afíns. Suporá, en certo xeito, un “<em>respiro</em>” na devandita labor.</p>

<p>O Programa está deseñado para que a persoa participante sexa protagonista da súa propia aprendizaxe, aínda que será de gran axuda a aprendizaxe en grupo e o apoio do equipo facilitador. Para lograr as competencias de liderado levará a cabo un itinerario con espazos e actividades individuais e grupais. Todas elas están deseñadas para lograr [&hellip;]</p>
